{"id":2576,"date":"2021-02-05T13:10:35","date_gmt":"2021-02-05T15:10:35","guid":{"rendered":"https:\/\/igtcontabilidade.com.br\/site\/?page_id=2576"},"modified":"2024-01-03T11:18:49","modified_gmt":"2024-01-03T14:18:49","slug":"solucoes","status":"publish","type":"page","link":"https:\/\/igtcontabilidade.com.br\/site\/solucoes\/","title":{"rendered":"Solu\u00e7\u00f5es"},"content":{"rendered":"\t\t<div data-elementor-type=\"wp-post\" data-elementor-id=\"2576\" class=\"elementor elementor-2576\">\n\t\t\t\t\t\t\t\t\t<section class=\"elementor-section elementor-top-section elementor-element elementor-element-f640cfd elementor-section-full_width elementor-section-height-default elementor-section-height-default\" data-id=\"f640cfd\" data-element_type=\"section\">\n\t\t\t\t\t\t<div class=\"elementor-container elementor-column-gap-default\">\n\t\t\t\t\t<div class=\"elementor-column elementor-col-100 elementor-top-column elementor-element elementor-element-068b975\" data-id=\"068b975\" data-element_type=\"column\">\n\t\t\t<div class=\"elementor-widget-wrap elementor-element-populated\">\n\t\t\t\t\t\t\t\t<div class=\"elementor-element elementor-element-eff8323 elementor-widget elementor-widget-image\" data-id=\"eff8323\" data-element_type=\"widget\" data-widget_type=\"image.default\">\n\t\t\t\t<div class=\"elementor-widget-container\">\n\t\t\t\t\t\t\t\t\t\t\t\t\t\t\t<img decoding=\"async\" src=\"https:\/\/igtcontabilidade.com.br\/site\/wp-content\/uploads\/elementor\/thumbs\/capa2-q5b29qp1l896mdkdy515ynen9ob6qopmfln7avdtik.png\" title=\"IGT Contabilidade e Controladoria\" alt=\"IGT Contabilidade e Controladoria\" loading=\"lazy\" \/>\t\t\t\t\t\t\t\t\t\t\t\t\t\t\t<\/div>\n\t\t\t\t<\/div>\n\t\t\t\t\t<\/div>\n\t\t<\/div>\n\t\t\t\t\t\t\t<\/div>\n\t\t<\/section>\n\t\t\t\t<section class=\"elementor-section elementor-top-section elementor-element elementor-element-f0f6944 elementor-section-boxed elementor-section-height-default elementor-section-height-default\" data-id=\"f0f6944\" data-element_type=\"section\" data-settings=\"{&quot;background_background&quot;:&quot;classic&quot;}\">\n\t\t\t\t\t\t\t<div class=\"elementor-background-overlay\"><\/div>\n\t\t\t\t\t\t\t<div class=\"elementor-container elementor-column-gap-default\">\n\t\t\t\t\t<div class=\"elementor-column elementor-col-100 elementor-top-column elementor-element elementor-element-89da71e\" data-id=\"89da71e\" data-element_type=\"column\">\n\t\t\t<div class=\"elementor-widget-wrap elementor-element-populated\">\n\t\t\t\t\t\t\t\t<div class=\"elementor-element elementor-element-123ff6d elementor-invisible elementor-widget elementor-widget-heading\" data-id=\"123ff6d\" data-element_type=\"widget\" data-settings=\"{&quot;_animation&quot;:&quot;zoomIn&quot;}\" data-widget_type=\"heading.default\">\n\t\t\t\t<div class=\"elementor-widget-container\">\n\t\t\t<h2 class=\"elementor-heading-title elementor-size-default\">Nossas Solu\u00e7\u00f5es<\/h2>\t\t<\/div>\n\t\t\t\t<\/div>\n\t\t\t\t\t<\/div>\n\t\t<\/div>\n\t\t\t\t\t\t\t<\/div>\n\t\t<\/section>\n\t\t\t\t<section class=\"elementor-section elementor-top-section elementor-element elementor-element-dc7063d elementor-section-content-top elementor-section-boxed elementor-section-height-default elementor-section-height-default\" data-id=\"dc7063d\" data-element_type=\"section\">\n\t\t\t\t\t\t<div class=\"elementor-container elementor-column-gap-default\">\n\t\t\t\t\t<div class=\"elementor-column elementor-col-100 elementor-top-column elementor-element elementor-element-df17644\" data-id=\"df17644\" data-element_type=\"column\">\n\t\t\t<div class=\"elementor-widget-wrap elementor-element-populated\">\n\t\t\t\t\t\t\t\t<section class=\"elementor-section elementor-inner-section elementor-element elementor-element-c707878 elementor-section-boxed elementor-section-height-default elementor-section-height-default\" data-id=\"c707878\" data-element_type=\"section\">\n\t\t\t\t\t\t<div class=\"elementor-container elementor-column-gap-default\">\n\t\t\t\t\t<div class=\"elementor-column elementor-col-100 elementor-inner-column elementor-element elementor-element-fcb035c\" data-id=\"fcb035c\" data-element_type=\"column\">\n\t\t\t<div class=\"elementor-widget-wrap elementor-element-populated\">\n\t\t\t\t\t\t\t\t<div class=\"elementor-element elementor-element-cac79be elementor-widget elementor-widget-text-editor\" data-id=\"cac79be\" data-element_type=\"widget\" data-widget_type=\"text-editor.default\">\n\t\t\t\t<div class=\"elementor-widget-container\">\n\t\t\t\t\t\t\t<p>Assumimos a responsabilidade de sugerir caminhos, solu\u00e7\u00f5es e gerenciamento das informa\u00e7\u00f5es cont\u00e1beis e de controladoria da organiza\u00e7\u00e3o. Assegurando dessa forma o cumprimento do planejamento estrat\u00e9gico e diretrizes de evolu\u00e7\u00e3o da empresa. Oferecemos servi\u00e7os de assessoria e consultoria, de forma pontual ou mensal. A IGT \u00e9 mais que um prestador de servi\u00e7os, \u00e9 um parceiro para que sua empresa possa atingir suas metas.<\/p><p>Oferecemos as seguintes solu\u00e7\u00f5es em contabilidade e controladoria:<\/p><p>\u2022 PER\u00cdCIAS CONT\u00c1BEIS<br \/>\u2022 ASSESSORIA T\u00c9CNICA CONT\u00c1BIL E CONTROLADORIA<br \/>\u2022 CONSULTORIA FINANCEIRA \/ ADMINISTRATIVA \/ TRABALHISTA<br \/>\u2022 CONTABILIDADE GERENCIAL<br \/>\u2022 CONSULTORIA EM GERAL<\/p>\t\t\t\t\t\t<\/div>\n\t\t\t\t<\/div>\n\t\t\t\t\t<\/div>\n\t\t<\/div>\n\t\t\t\t\t\t\t<\/div>\n\t\t<\/section>\n\t\t\t\t\t<\/div>\n\t\t<\/div>\n\t\t\t\t\t\t\t<\/div>\n\t\t<\/section>\n\t\t\t\t<section class=\"elementor-section elementor-top-section elementor-element elementor-element-d957b28 elementor-section-content-top elementor-section-boxed elementor-section-height-default elementor-section-height-default\" data-id=\"d957b28\" data-element_type=\"section\">\n\t\t\t\t\t\t<div class=\"elementor-container elementor-column-gap-default\">\n\t\t\t\t\t<div class=\"elementor-column elementor-col-33 elementor-top-column elementor-element elementor-element-a14bb48\" data-id=\"a14bb48\" data-element_type=\"column\">\n\t\t\t<div class=\"elementor-widget-wrap elementor-element-populated\">\n\t\t\t\t\t\t\t\t<section class=\"elementor-section elementor-inner-section elementor-element elementor-element-b62fa19 elementor-section-boxed elementor-section-height-default elementor-section-height-default\" data-id=\"b62fa19\" data-element_type=\"section\">\n\t\t\t\t\t\t<div class=\"elementor-container elementor-column-gap-default\">\n\t\t\t\t\t<div class=\"elementor-column elementor-col-100 elementor-inner-column elementor-element elementor-element-685a64f\" data-id=\"685a64f\" data-element_type=\"column\">\n\t\t\t<div class=\"elementor-widget-wrap elementor-element-populated\">\n\t\t\t\t\t\t\t\t<div class=\"elementor-element elementor-element-0c2697a elementor-widget elementor-widget-image\" data-id=\"0c2697a\" data-element_type=\"widget\" data-widget_type=\"image.default\">\n\t\t\t\t<div class=\"elementor-widget-container\">\n\t\t\t\t\t\t\t\t\t\t\t\t\t\t\t\t<a href=\"https:\/\/igtcontabilidade.com.br\/site\/sobre-a-igt\/\">\n\t\t\t\t\t\t\t<img fetchpriority=\"high\" decoding=\"async\" width=\"1024\" height=\"1024\" src=\"https:\/\/igtcontabilidade.com.br\/site\/wp-content\/uploads\/2023\/04\/subdestaque_home_1-1024x1024.png\" class=\"attachment-large size-large wp-image-2757\" alt=\"\" srcset=\"https:\/\/igtcontabilidade.com.br\/site\/wp-content\/uploads\/2023\/04\/subdestaque_home_1-1024x1024.png 1024w, https:\/\/igtcontabilidade.com.br\/site\/wp-content\/uploads\/2023\/04\/subdestaque_home_1-300x300.png 300w, https:\/\/igtcontabilidade.com.br\/site\/wp-content\/uploads\/2023\/04\/subdestaque_home_1-150x150.png 150w, https:\/\/igtcontabilidade.com.br\/site\/wp-content\/uploads\/2023\/04\/subdestaque_home_1-768x768.png 768w, https:\/\/igtcontabilidade.com.br\/site\/wp-content\/uploads\/2023\/04\/subdestaque_home_1.png 1080w\" sizes=\"(max-width: 1024px) 100vw, 1024px\" \/>\t\t\t\t\t\t\t\t<\/a>\n\t\t\t\t\t\t\t\t\t\t\t\t\t\t\t<\/div>\n\t\t\t\t<\/div>\n\t\t\t\t\t<\/div>\n\t\t<\/div>\n\t\t\t\t\t\t\t<\/div>\n\t\t<\/section>\n\t\t\t\t\t<\/div>\n\t\t<\/div>\n\t\t\t\t<div class=\"elementor-column elementor-col-33 elementor-top-column elementor-element elementor-element-968c0de\" data-id=\"968c0de\" data-element_type=\"column\">\n\t\t\t<div class=\"elementor-widget-wrap elementor-element-populated\">\n\t\t\t\t\t\t\t\t<section class=\"elementor-section elementor-inner-section elementor-element elementor-element-5fca6b8 elementor-section-boxed elementor-section-height-default elementor-section-height-default\" data-id=\"5fca6b8\" data-element_type=\"section\">\n\t\t\t\t\t\t<div class=\"elementor-container elementor-column-gap-default\">\n\t\t\t\t\t<div class=\"elementor-column elementor-col-100 elementor-inner-column elementor-element elementor-element-7aef496\" data-id=\"7aef496\" data-element_type=\"column\">\n\t\t\t<div class=\"elementor-widget-wrap elementor-element-populated\">\n\t\t\t\t\t\t\t\t<div class=\"elementor-element elementor-element-366e762 elementor-widget elementor-widget-image\" data-id=\"366e762\" data-element_type=\"widget\" data-widget_type=\"image.default\">\n\t\t\t\t<div class=\"elementor-widget-container\">\n\t\t\t\t\t\t\t\t\t\t\t\t\t\t\t\t<a href=\"https:\/\/igtcontabilidade.com.br\/site\/solucoes\/\">\n\t\t\t\t\t\t\t<img decoding=\"async\" width=\"1024\" height=\"1024\" src=\"https:\/\/igtcontabilidade.com.br\/site\/wp-content\/uploads\/2023\/04\/subdestaque_home_2-1024x1024.png\" class=\"attachment-large size-large wp-image-2758\" alt=\"\" srcset=\"https:\/\/igtcontabilidade.com.br\/site\/wp-content\/uploads\/2023\/04\/subdestaque_home_2-1024x1024.png 1024w, https:\/\/igtcontabilidade.com.br\/site\/wp-content\/uploads\/2023\/04\/subdestaque_home_2-300x300.png 300w, https:\/\/igtcontabilidade.com.br\/site\/wp-content\/uploads\/2023\/04\/subdestaque_home_2-150x150.png 150w, https:\/\/igtcontabilidade.com.br\/site\/wp-content\/uploads\/2023\/04\/subdestaque_home_2-768x768.png 768w, https:\/\/igtcontabilidade.com.br\/site\/wp-content\/uploads\/2023\/04\/subdestaque_home_2.png 1080w\" sizes=\"(max-width: 1024px) 100vw, 1024px\" \/>\t\t\t\t\t\t\t\t<\/a>\n\t\t\t\t\t\t\t\t\t\t\t\t\t\t\t<\/div>\n\t\t\t\t<\/div>\n\t\t\t\t\t<\/div>\n\t\t<\/div>\n\t\t\t\t\t\t\t<\/div>\n\t\t<\/section>\n\t\t\t\t\t<\/div>\n\t\t<\/div>\n\t\t\t\t<div class=\"elementor-column elementor-col-33 elementor-top-column elementor-element elementor-element-cf32590\" data-id=\"cf32590\" data-element_type=\"column\">\n\t\t\t<div class=\"elementor-widget-wrap elementor-element-populated\">\n\t\t\t\t\t\t\t\t<section class=\"elementor-section elementor-inner-section elementor-element elementor-element-13c1b1d elementor-section-boxed elementor-section-height-default elementor-section-height-default\" data-id=\"13c1b1d\" data-element_type=\"section\">\n\t\t\t\t\t\t<div class=\"elementor-container elementor-column-gap-default\">\n\t\t\t\t\t<div class=\"elementor-column elementor-col-100 elementor-inner-column elementor-element elementor-element-4a95792\" data-id=\"4a95792\" data-element_type=\"column\">\n\t\t\t<div class=\"elementor-widget-wrap elementor-element-populated\">\n\t\t\t\t\t\t\t\t<div class=\"elementor-element elementor-element-3a6686c elementor-widget elementor-widget-image\" data-id=\"3a6686c\" data-element_type=\"widget\" data-widget_type=\"image.default\">\n\t\t\t\t<div class=\"elementor-widget-container\">\n\t\t\t\t\t\t\t\t\t\t\t\t\t\t\t\t<a href=\"https:\/\/igtcontabilidade.com.br\/site\/faleconosco\/\">\n\t\t\t\t\t\t\t<img decoding=\"async\" width=\"1024\" height=\"1024\" src=\"https:\/\/igtcontabilidade.com.br\/site\/wp-content\/uploads\/2023\/04\/subdestaque_home_3-1024x1024.png\" class=\"attachment-large size-large wp-image-2759\" alt=\"\" srcset=\"https:\/\/igtcontabilidade.com.br\/site\/wp-content\/uploads\/2023\/04\/subdestaque_home_3-1024x1024.png 1024w, https:\/\/igtcontabilidade.com.br\/site\/wp-content\/uploads\/2023\/04\/subdestaque_home_3-300x300.png 300w, https:\/\/igtcontabilidade.com.br\/site\/wp-content\/uploads\/2023\/04\/subdestaque_home_3-150x150.png 150w, https:\/\/igtcontabilidade.com.br\/site\/wp-content\/uploads\/2023\/04\/subdestaque_home_3-768x768.png 768w, https:\/\/igtcontabilidade.com.br\/site\/wp-content\/uploads\/2023\/04\/subdestaque_home_3.png 1080w\" sizes=\"(max-width: 1024px) 100vw, 1024px\" \/>\t\t\t\t\t\t\t\t<\/a>\n\t\t\t\t\t\t\t\t\t\t\t\t\t\t\t<\/div>\n\t\t\t\t<\/div>\n\t\t\t\t\t<\/div>\n\t\t<\/div>\n\t\t\t\t\t\t\t<\/div>\n\t\t<\/section>\n\t\t\t\t\t<\/div>\n\t\t<\/div>\n\t\t\t\t\t\t\t<\/div>\n\t\t<\/section>\n\t\t\t\t<section class=\"elementor-section elementor-top-section elementor-element elementor-element-81d0e89 elementor-section-boxed elementor-section-height-default elementor-section-height-default\" data-id=\"81d0e89\" data-element_type=\"section\" data-settings=\"{&quot;background_background&quot;:&quot;classic&quot;}\">\n\t\t\t\t\t\t\t<div class=\"elementor-background-overlay\"><\/div>\n\t\t\t\t\t\t\t<div class=\"elementor-container elementor-column-gap-default\">\n\t\t\t\t\t<div class=\"elementor-column elementor-col-33 elementor-top-column elementor-element elementor-element-b067a97\" data-id=\"b067a97\" data-element_type=\"column\">\n\t\t\t<div class=\"elementor-widget-wrap elementor-element-populated\">\n\t\t\t\t\t\t\t\t<div class=\"elementor-element elementor-element-370f460 elementor-widget elementor-widget-heading\" data-id=\"370f460\" data-element_type=\"widget\" data-widget_type=\"heading.default\">\n\t\t\t\t<div class=\"elementor-widget-container\">\n\t\t\t<h2 class=\"elementor-heading-title elementor-size-default\">Nossas Solu\u00e7\u00f5es<\/h2>\t\t<\/div>\n\t\t\t\t<\/div>\n\t\t\t\t<div class=\"elementor-element elementor-element-e23e00c elementor-widget elementor-widget-text-editor\" data-id=\"e23e00c\" data-element_type=\"widget\" data-widget_type=\"text-editor.default\">\n\t\t\t\t<div class=\"elementor-widget-container\">\n\t\t\t\t\t\t\t<p>\u2022 PER\u00cdCIAS CONT\u00c1BEIS<br \/>\u2022 ASSESSORIA T\u00c9CNICA CONT\u00c1BIL<br \/>\u2022 CONSULTORIA FINANCEIRA \/ ADMINISTRATIVA \/ TRABALHISTA<br \/>\u2022 CONTABILIDADE GERENCIAL<br \/>\u2022 CONSULTORIA EM GERAL<\/p>\t\t\t\t\t\t<\/div>\n\t\t\t\t<\/div>\n\t\t\t\t\t<\/div>\n\t\t<\/div>\n\t\t\t\t<div class=\"elementor-column elementor-col-33 elementor-top-column elementor-element elementor-element-9dc9869\" data-id=\"9dc9869\" data-element_type=\"column\">\n\t\t\t<div class=\"elementor-widget-wrap elementor-element-populated\">\n\t\t\t\t\t\t\t\t<div class=\"elementor-element elementor-element-52b26e5 elementor-widget elementor-widget-heading\" data-id=\"52b26e5\" data-element_type=\"widget\" data-widget_type=\"heading.default\">\n\t\t\t\t<div class=\"elementor-widget-container\">\n\t\t\t<h2 class=\"elementor-heading-title elementor-size-default\">Acompanhe-nos!<\/h2>\t\t<\/div>\n\t\t\t\t<\/div>\n\t\t\t\t<div class=\"elementor-element elementor-element-4c47a70 elementor-shape-circle elementor-grid-0 e-grid-align-center elementor-widget elementor-widget-social-icons\" data-id=\"4c47a70\" data-element_type=\"widget\" data-widget_type=\"social-icons.default\">\n\t\t\t\t<div class=\"elementor-widget-container\">\n\t\t\t\t\t<div class=\"elementor-social-icons-wrapper elementor-grid\">\n\t\t\t\t\t\t\t<span class=\"elementor-grid-item\">\n\t\t\t\t\t<a class=\"elementor-icon elementor-social-icon elementor-social-icon-facebook-f elementor-animation-pulse elementor-repeater-item-a2bc39f\" href=\"https:\/\/www.facebook.com\/Igtcontroladoriaecontabilidade\" target=\"_blank\">\n\t\t\t\t\t\t<span class=\"elementor-screen-only\">Facebook-f<\/span>\n\t\t\t\t\t\t<i class=\"fab fa-facebook-f\"><\/i>\t\t\t\t\t<\/a>\n\t\t\t\t<\/span>\n\t\t\t\t\t\t\t<span class=\"elementor-grid-item\">\n\t\t\t\t\t<a class=\"elementor-icon elementor-social-icon elementor-social-icon-instagram elementor-animation-pulse elementor-repeater-item-b20ee6d\" href=\"https:\/\/instagram.com\/igtcontabilidade\" target=\"_blank\">\n\t\t\t\t\t\t<span class=\"elementor-screen-only\">Instagram<\/span>\n\t\t\t\t\t\t<i class=\"fab fa-instagram\"><\/i>\t\t\t\t\t<\/a>\n\t\t\t\t<\/span>\n\t\t\t\t\t\t\t<span class=\"elementor-grid-item\">\n\t\t\t\t\t<a class=\"elementor-icon elementor-social-icon elementor-social-icon-telegram elementor-animation-pulse elementor-repeater-item-acbecbf\" href=\"#\" target=\"_blank\">\n\t\t\t\t\t\t<span class=\"elementor-screen-only\">Telegram<\/span>\n\t\t\t\t\t\t<i class=\"fab fa-telegram\"><\/i>\t\t\t\t\t<\/a>\n\t\t\t\t<\/span>\n\t\t\t\t\t<\/div>\n\t\t\t\t<\/div>\n\t\t\t\t<\/div>\n\t\t\t\t\t<\/div>\n\t\t<\/div>\n\t\t\t\t<div class=\"elementor-column elementor-col-33 elementor-top-column elementor-element elementor-element-08bb002\" data-id=\"08bb002\" data-element_type=\"column\">\n\t\t\t<div class=\"elementor-widget-wrap elementor-element-populated\">\n\t\t\t\t\t\t\t\t<div class=\"elementor-element elementor-element-02bdde8 elementor-widget elementor-widget-heading\" data-id=\"02bdde8\" data-element_type=\"widget\" data-widget_type=\"heading.default\">\n\t\t\t\t<div class=\"elementor-widget-container\">\n\t\t\t<h2 class=\"elementor-heading-title elementor-size-default\">Fale Conosco<\/h2>\t\t<\/div>\n\t\t\t\t<\/div>\n\t\t\t\t<div class=\"elementor-element elementor-element-a958554 elementor-widget elementor-widget-text-editor\" data-id=\"a958554\" data-element_type=\"widget\" data-widget_type=\"text-editor.default\">\n\t\t\t\t<div class=\"elementor-widget-container\">\n\t\t\t\t\t\t\t<p style=\"font-family: Raleway, sans-serif; font-size: 13px; font-style: normal; font-weight: 400; transition: all 0.2s ease 0s;\"><span style=\"font-weight: 700; font-size: 13px;\">IGT &#8211; Indaiatuba e Regi\u00e3o<\/span><br>Irapu\u00e3 Gon\u00e7alves Teixeira<br>irapuagt@igtcontabilidade.com.br<br>(19) 97415-1388<\/p><p style=\"font-family: Raleway, sans-serif; font-size: 13px; font-style: normal; font-weight: 400;\"><span style=\"font-weight: 700; font-size: 13px;\">IGT &#8211; Peru\u00edbe e Litoral Sul<\/span><br>Rog\u00e9rio Braz Gon\u00e7alves<br>rogeriobraz@igtcontabilidade.com.br<br>(13) 99660-9361<\/p>\t\t\t\t\t\t<\/div>\n\t\t\t\t<\/div>\n\t\t\t\t\t<\/div>\n\t\t<\/div>\n\t\t\t\t\t\t\t<\/div>\n\t\t<\/section>\n\t\t\t\t\t\t\t<\/div>\n\t\t","protected":false},"excerpt":{"rendered":"<p>Nossas Solu\u00e7\u00f5es Assumimos a responsabilidade de sugerir caminhos, solu\u00e7\u00f5es e gerenciamento das informa\u00e7\u00f5es cont\u00e1beis e de controladoria da organiza\u00e7\u00e3o. Assegurando dessa forma o cumprimento do planejamento estrat\u00e9gico e diretrizes de evolu\u00e7\u00e3o da empresa. Oferecemos servi\u00e7os de assessoria e consultoria, de forma pontual ou mensal. A IGT \u00e9 mais que um prestador de servi\u00e7os, \u00e9 um [&hellip;]<\/p>\n","protected":false},"author":12,"featured_media":0,"parent":0,"menu_order":0,"comment_status":"closed","ping_status":"closed","template":"elementor_header_footer","meta":{"footnotes":""},"class_list":["post-2576","page","type-page","status-publish","hentry"],"_links":{"self":[{"href":"https:\/\/igtcontabilidade.com.br\/site\/wp-json\/wp\/v2\/pages\/2576","targetHints":{"allow":["GET"]}}],"collection":[{"href":"https:\/\/igtcontabilidade.com.br\/site\/wp-json\/wp\/v2\/pages"}],"about":[{"href":"https:\/\/igtcontabilidade.com.br\/site\/wp-json\/wp\/v2\/types\/page"}],"author":[{"embeddable":true,"href":"https:\/\/igtcontabilidade.com.br\/site\/wp-json\/wp\/v2\/users\/12"}],"replies":[{"embeddable":true,"href":"https:\/\/igtcontabilidade.com.br\/site\/wp-json\/wp\/v2\/comments?post=2576"}],"version-history":[{"count":19,"href":"https:\/\/igtcontabilidade.com.br\/site\/wp-json\/wp\/v2\/pages\/2576\/revisions"}],"predecessor-version":[{"id":3070,"href":"https:\/\/igtcontabilidade.com.br\/site\/wp-json\/wp\/v2\/pages\/2576\/revisions\/3070"}],"wp:attachment":[{"href":"https:\/\/igtcontabilidade.com.br\/site\/wp-json\/wp\/v2\/media?parent=2576"}],"curies":[{"name":"wp","href":"https:\/\/api.w.org\/{rel}","templated":true}]}}